{"id":66,"date":"2021-04-16T13:56:55","date_gmt":"2021-04-16T13:56:55","guid":{"rendered":"http:\/\/azzurrosarajevo.ba\/?page_id=66"},"modified":"2021-05-12T09:24:11","modified_gmt":"2021-05-12T09:24:11","slug":"azzurro","status":"publish","type":"page","link":"https:\/\/azzurrosarajevo.ba\/?page_id=66","title":{"rendered":"Azzurro"},"content":{"rendered":"<p>[et_pb_section fb_built=&#8221;1&#8243; module_class=&#8221;Heder&#8221; _builder_version=&#8221;4.9.2&#8243; _module_preset=&#8221;default&#8221; background_color=&#8221;#144065&#8243; custom_margin=&#8221;||||false|false&#8221; custom_padding=&#8221;10px||10px||false|false&#8221; saved_tabs=&#8221;all&#8221; locked=&#8221;off&#8221;][et_pb_row column_structure=&#8221;1_5,1_5,1_5,1_5,1_5&#8243; use_custom_gutter=&#8221;on&#8221; module_class=&#8221;Heder&#8221; _builder_version=&#8221;4.9.2&#8243; _module_preset=&#8221;default&#8221; width=&#8221;90%&#8221; max_width=&#8221;100%&#8221; custom_margin=&#8221;||||false|false&#8221; custom_padding=&#8221;0px||0px||false|false&#8221; custom_css_main_element=&#8221;display: flex;&#8221;][et_pb_column type=&#8221;1_5&#8243; _builder_version=&#8221;4.9.2&#8243; _module_preset=&#8221;default&#8221;][et_pb_image src=&#8221;http:\/\/azzurrosarajevo.ba\/wp-content\/uploads\/2021\/04\/Azzurro-1.png&#8221; title_text=&#8221;Azzurro (1)&#8221; _builder_version=&#8221;4.9.2&#8243; _module_preset=&#8221;default&#8221; module_alignment=&#8221;center&#8221; custom_margin=&#8221;||||false|false&#8221; custom_padding=&#8221;15px|0px|0px||false|false&#8221;][\/et_pb_image][\/et_pb_column][et_pb_column type=&#8221;1_5&#8243; _builder_version=&#8221;4.9.2&#8243; _module_preset=&#8221;default&#8221;][et_pb_image src=&#8221;http:\/\/azzurrosarajevo.ba\/wp-content\/uploads\/2021\/04\/Azzurro-Wave-Logo-e1618847414997.png&#8221; title_text=&#8221;Azzurro Wave Logo&#8221; _builder_version=&#8221;4.9.2&#8243; _module_preset=&#8221;default&#8221; custom_padding=&#8221;53px||||false|false&#8221;][\/et_pb_image][\/et_pb_column][et_pb_column type=&#8221;1_5&#8243; _builder_version=&#8221;4.9.2&#8243; _module_preset=&#8221;default&#8221;][et_pb_image src=&#8221;http:\/\/azzurrosarajevo.ba\/wp-content\/uploads\/2021\/04\/Azzurro-2.png&#8221; title_text=&#8221;Azzurro (2)&#8221; _builder_version=&#8221;4.9.2&#8243; _module_preset=&#8221;default&#8221; custom_padding=&#8221;43px||||false|false&#8221;][\/et_pb_image][\/et_pb_column][et_pb_column type=&#8221;1_5&#8243; _builder_version=&#8221;4.9.2&#8243; _module_preset=&#8221;default&#8221;][et_pb_image src=&#8221;http:\/\/azzurrosarajevo.ba\/wp-content\/uploads\/2021\/04\/Azzurro-Wave-Logo-e1618847414997.png&#8221; title_text=&#8221;Azzurro Wave Logo&#8221; _builder_version=&#8221;4.9.2&#8243; _module_preset=&#8221;default&#8221; custom_padding=&#8221;53px||||false|false&#8221; locked=&#8221;off&#8221;][\/et_pb_image][\/et_pb_column][et_pb_column type=&#8221;1_5&#8243; _builder_version=&#8221;4.9.2&#8243; _module_preset=&#8221;default&#8221;][et_pb_text _builder_version=&#8221;4.9.2&#8243; _module_preset=&#8221;default&#8221; text_font=&#8221;Roboto|300|||||||&#8221; text_text_color=&#8221;#FFFFFF&#8221; text_font_size=&#8221;11px&#8221; custom_margin=&#8221;53px||||false|false&#8221; link_option_url=&#8221;https:\/\/www.google.com\/maps\/place\/Apartments+Azzurro+Sarajevo\/@43.8584965,18.4128803,17z\/data=!3m1!4b1!4m5!3m4!1s0x4758c90a237d96d5:0x3527fbf7b6cef629!8m2!3d43.8584927!4d18.415069&#8243; link_option_url_new_window=&#8221;on&#8221;]<\/p>\n<p><img loading=\"lazy\" decoding=\"async\" src=\"http:\/\/azzurrosarajevo.ba\/wp-content\/uploads\/2021\/04\/icons8-google-maps-24.png\" width=\"24\" height=\"24\" alt=\"\" class=\"wp-image-359 alignnone size-full\" \/><span>Branislava \u0110ur\u0111eva 22<\/span><\/p>\n<p>[\/et_pb_text][\/et_pb_column][\/et_pb_row][\/et_pb_section][et_pb_section fb_built=&#8221;1&#8243; _builder_version=&#8221;4.9.2&#8243; _module_preset=&#8221;default&#8221; background_color=&#8221;#144064&#8243; custom_padding=&#8221;0px||0px||false|false&#8221;][et_pb_row _builder_version=&#8221;4.9.2&#8243; _module_preset=&#8221;default&#8221;][et_pb_column type=&#8221;4_4&#8243; _builder_version=&#8221;4.9.2&#8243; _module_preset=&#8221;default&#8221;][et_pb_video src=&#8221;https:\/\/www.youtube.com\/watch?v=GHHPVDZ1-3M&#8221; _builder_version=&#8221;4.9.4&#8243; _module_preset=&#8221;default&#8221; animation_style=&#8221;slide&#8221; animation_direction=&#8221;top&#8221; hover_enabled=&#8221;0&#8243; sticky_enabled=&#8221;0&#8243;][\/et_pb_video][\/et_pb_column][\/et_pb_row][et_pb_row _builder_version=&#8221;4.9.2&#8243; _module_preset=&#8221;default&#8221;][et_pb_column type=&#8221;4_4&#8243; _builder_version=&#8221;4.9.2&#8243; _module_preset=&#8221;default&#8221;][et_pb_button button_url=&#8221;http:\/\/azzurrosarajevo.ba\/?page_id=447&#8243; button_text=&#8221;Galerija&#8221; button_alignment=&#8221;center&#8221; _builder_version=&#8221;4.9.2&#8243; _module_preset=&#8221;default&#8221; custom_button=&#8221;on&#8221; button_icon=&#8221;%%28%%&#8221;][\/et_pb_button][\/et_pb_column][\/et_pb_row][et_pb_row _builder_version=&#8221;4.9.4&#8243; _module_preset=&#8221;default&#8221;][et_pb_column type=&#8221;4_4&#8243; _builder_version=&#8221;4.9.4&#8243; _module_preset=&#8221;default&#8221;][et_pb_text _builder_version=&#8221;4.9.4&#8243; _module_preset=&#8221;default&#8221; text_font=&#8221;Roboto|300|on||||||&#8221; text_text_color=&#8221;#FFFFFF&#8221; text_font_size=&#8221;16px&#8221; text_letter_spacing=&#8221;4px&#8221; text_orientation=&#8221;center&#8221;]<\/p>\n<p>Prona\u0111ite nas na Booking-u \/ Find us on Booking<\/p>\n<p>[\/et_pb_text][et_pb_button button_url=&#8221;https:\/\/www.booking.com\/hotel\/ba\/apartments-azzurro-sarajevo.en-gb.html?fbclid=IwAR1u1OjSpSZsK1UxguFaB8gkv2aGbTaD26xcIVvCHC0ljrVPg69U4m1rb3k&#8221; url_new_window=&#8221;on&#8221; button_text=&#8221;Booking&#8221; button_alignment=&#8221;center&#8221; _builder_version=&#8221;4.9.4&#8243; _module_preset=&#8221;default&#8221;][\/et_pb_button][\/et_pb_column][\/et_pb_row][\/et_pb_section][et_pb_section fb_built=&#8221;1&#8243; _builder_version=&#8221;4.9.2&#8243; _module_preset=&#8221;default&#8221; background_color=&#8221;#144065&#8243; custom_margin=&#8221;||||false|false&#8221; custom_padding=&#8221;0px||0px||false|false&#8221;][et_pb_row column_structure=&#8221;1_3,1_3,1_3&#8243; use_custom_gutter=&#8221;on&#8221; gutter_width=&#8221;1&#8243; make_equal=&#8221;on&#8221; _builder_version=&#8221;4.9.2&#8243; _module_preset=&#8221;default&#8221; width=&#8221;98%&#8221; max_width=&#8221;100%&#8221; custom_padding=&#8221;||0px||false|false&#8221;][et_pb_column type=&#8221;1_3&#8243; _builder_version=&#8221;4.9.2&#8243; _module_preset=&#8221;default&#8221; custom_padding=&#8221;|||2px|false|false&#8221;][et_pb_image src=&#8221;http:\/\/azzurrosarajevo.ba\/wp-content\/uploads\/2021\/04\/ApartmaniAzzuroDron-1-of-20-scaled.jpg&#8221; title_text=&#8221;ApartmaniAzzuroDron (1 of 20)&#8221; _builder_version=&#8221;4.9.2&#8243; _module_preset=&#8221;default&#8221; custom_margin=&#8221;0px|||||&#8221; custom_padding=&#8221;|||0px||&#8221;][\/et_pb_image][\/et_pb_column][et_pb_column type=&#8221;1_3&#8243; _builder_version=&#8221;4.9.2&#8243; _module_preset=&#8221;default&#8221; custom_padding=&#8221;|||2px|false|false&#8221;][et_pb_image src=&#8221;http:\/\/azzurrosarajevo.ba\/wp-content\/uploads\/2021\/04\/Apartmani_Booking-5-of-16-scaled.jpg&#8221; title_text=&#8221;Apartmani_Booking (5 of 16)&#8221; _builder_version=&#8221;4.9.2&#8243; _module_preset=&#8221;default&#8221; custom_margin=&#8221;0px|||||&#8221; custom_padding=&#8221;|||0px||&#8221;][\/et_pb_image][\/et_pb_column][et_pb_column type=&#8221;1_3&#8243; _builder_version=&#8221;4.9.2&#8243; _module_preset=&#8221;default&#8221; custom_padding=&#8221;|||2px|false|false&#8221;][et_pb_image src=&#8221;http:\/\/azzurrosarajevo.ba\/wp-content\/uploads\/2021\/04\/Apartmani_Booking-4-of-16-scaled.jpg&#8221; title_text=&#8221;Apartmani_Booking (4 of 16)&#8221; _builder_version=&#8221;4.9.2&#8243; _module_preset=&#8221;default&#8221; custom_margin=&#8221;0px|||||&#8221; custom_padding=&#8221;|||0px||&#8221;][\/et_pb_image][\/et_pb_column][\/et_pb_row][et_pb_row column_structure=&#8221;1_3,2_3&#8243; use_custom_gutter=&#8221;on&#8221; gutter_width=&#8221;1&#8243; make_equal=&#8221;on&#8221; _builder_version=&#8221;4.9.2&#8243; _module_preset=&#8221;default&#8221; width=&#8221;100%&#8221; max_width=&#8221;100%&#8221; custom_margin=&#8221;||||false|false&#8221; custom_padding=&#8221;5px||0px||false|false&#8221;][et_pb_column type=&#8221;1_3&#8243; _builder_version=&#8221;4.9.2&#8243; _module_preset=&#8221;default&#8221;][et_pb_image src=&#8221;http:\/\/azzurrosarajevo.ba\/wp-content\/uploads\/2021\/04\/AZZURRO-mapa.png&#8221; title_text=&#8221;AZZURRO mapa&#8221; url=&#8221;https:\/\/www.google.com\/maps\/place\/Apartments+Azzurro+Sarajevo\/@43.8587325,18.414039,17z\/data=!4m5!3m4!1s0x4758c90a237d96d5:0x3527fbf7b6cef629!8m2!3d43.8584927!4d18.415069&#8243; url_new_window=&#8221;on&#8221; _builder_version=&#8221;4.9.2&#8243; _module_preset=&#8221;default&#8221;][\/et_pb_image][\/et_pb_column][et_pb_column type=&#8221;2_3&#8243; _builder_version=&#8221;4.9.2&#8243; _module_preset=&#8221;default&#8221; background_color=&#8221;#112130&#8243; custom_padding=&#8221;||||false|false&#8221;][et_pb_text _builder_version=&#8221;4.9.2&#8243; _module_preset=&#8221;default&#8221; text_font=&#8221;Roboto|300|on||||||&#8221; text_text_color=&#8221;#FFFFFF&#8221; text_orientation=&#8221;center&#8221; width=&#8221;100%&#8221; height=&#8221;100%&#8221; custom_margin=&#8221;||111px||false|false&#8221; custom_padding=&#8221;15vh|||15px|false|false&#8221;]<\/p>\n<p style=\"text-align: center;\">BH\/<br \/>Boravite u samom centru, osjetite \u017eamor glavne sarajevske ulice koji ne dopire do savremeno<br \/>opremljenih apartmana. Bogat sadr\u017eaj i komfor ovih apartmana, omogu\u0107it \u0107e vam odmor<br \/>kako bi ste bili spremni i svje\u017ei za nove sarajevske avanture. Ljubitelj ste \u0161opinga, restorana i<br \/>barova? BBI centar u neposrednoj blizini apartmana nudi raznovrstan sadr\u017eaj za vas i va\u0161e<br \/>mali\u0161ane. Da biste se upoznali sa tradicionalnim duhom Sarajeva, pro\u0161etajte Ba\u0161\u010dar\u0161ijom,<br \/>koja je samo pet minuta udaljena od na\u0161ih apartmana. Mi vam pru\u017eamo Sarajevo na dlanu.<\/p>\n<p>[\/et_pb_text][\/et_pb_column][\/et_pb_row][\/et_pb_section][et_pb_section fb_built=&#8221;1&#8243; _builder_version=&#8221;4.9.2&#8243; _module_preset=&#8221;default&#8221; background_color=&#8221;#144065&#8243; custom_margin=&#8221;||||false|false&#8221; custom_padding=&#8221;0px||0px||false|false&#8221; locked=&#8221;off&#8221;][et_pb_row column_structure=&#8221;1_3,1_3,1_3&#8243; use_custom_gutter=&#8221;on&#8221; gutter_width=&#8221;1&#8243; make_equal=&#8221;on&#8221; _builder_version=&#8221;4.9.2&#8243; _module_preset=&#8221;default&#8221; width=&#8221;98%&#8221; max_width=&#8221;100%&#8221; custom_padding=&#8221;5px||0px||false|false&#8221;][et_pb_column type=&#8221;1_3&#8243; _builder_version=&#8221;4.9.2&#8243; _module_preset=&#8221;default&#8221; custom_padding=&#8221;|||2px|false|false&#8221;][et_pb_image src=&#8221;http:\/\/azzurrosarajevo.ba\/wp-content\/uploads\/2021\/04\/Apartmani_Booking-1-of-16-scaled.jpg&#8221; title_text=&#8221;Apartmani_Booking (1 of 16)&#8221; _builder_version=&#8221;4.9.2&#8243; _module_preset=&#8221;default&#8221; custom_margin=&#8221;0px|||||&#8221; custom_padding=&#8221;|||0px||&#8221;][\/et_pb_image][\/et_pb_column][et_pb_column type=&#8221;1_3&#8243; _builder_version=&#8221;4.9.2&#8243; _module_preset=&#8221;default&#8221; custom_padding=&#8221;|||2px|false|false&#8221;][et_pb_image src=&#8221;http:\/\/azzurrosarajevo.ba\/wp-content\/uploads\/2021\/04\/Apartmani_Booking-2-of-16-scaled.jpg&#8221; title_text=&#8221;Apartmani_Booking (2 of 16)&#8221; _builder_version=&#8221;4.9.2&#8243; _module_preset=&#8221;default&#8221; custom_margin=&#8221;0px|||||&#8221; custom_padding=&#8221;|||0px||&#8221;][\/et_pb_image][\/et_pb_column][et_pb_column type=&#8221;1_3&#8243; _builder_version=&#8221;4.9.2&#8243; _module_preset=&#8221;default&#8221; custom_padding=&#8221;|||2px|false|false&#8221;][et_pb_image src=&#8221;http:\/\/azzurrosarajevo.ba\/wp-content\/uploads\/2021\/04\/Apartmani_Booking-3-of-16-scaled.jpg&#8221; title_text=&#8221;Apartmani_Booking (3 of 16)&#8221; _builder_version=&#8221;4.9.2&#8243; _module_preset=&#8221;default&#8221; custom_margin=&#8221;0px|||||&#8221; custom_padding=&#8221;|||0px||&#8221;][\/et_pb_image][\/et_pb_column][\/et_pb_row][et_pb_row column_structure=&#8221;1_3,2_3&#8243; use_custom_gutter=&#8221;on&#8221; gutter_width=&#8221;1&#8243; make_equal=&#8221;on&#8221; _builder_version=&#8221;4.9.2&#8243; _module_preset=&#8221;default&#8221; width=&#8221;100%&#8221; max_width=&#8221;100%&#8221; custom_margin=&#8221;||||false|false&#8221; custom_padding=&#8221;5px||0px||false|false&#8221;][et_pb_column type=&#8221;1_3&#8243; _builder_version=&#8221;4.9.2&#8243; _module_preset=&#8221;default&#8221;][et_pb_image src=&#8221;http:\/\/azzurrosarajevo.ba\/wp-content\/uploads\/2021\/04\/AZZURRO-Ikone.png&#8221; title_text=&#8221;AZZURRO Ikone&#8221; _builder_version=&#8221;4.9.2&#8243; _module_preset=&#8221;default&#8221;][\/et_pb_image][\/et_pb_column][et_pb_column type=&#8221;2_3&#8243; _builder_version=&#8221;4.9.2&#8243; _module_preset=&#8221;default&#8221; background_color=&#8221;#112130&#8243;][et_pb_text _builder_version=&#8221;4.9.2&#8243; _module_preset=&#8221;default&#8221; text_font=&#8221;Roboto|300|on||||||&#8221; text_text_color=&#8221;#FFFFFF&#8221; text_orientation=&#8221;center&#8221; height=&#8221;100%&#8221; custom_margin=&#8221;||111px|||&#8221; custom_padding=&#8221;15vh|||15px|false|false&#8221;]<\/p>\n<p style=\"padding-left: 80px;\">EN\/<\/p>\n<p style=\"text-align: center;\">Staying in a heart of the city, feel the murmur of the main Sarajevo street, not reaching the<br \/>modern living apartments. Splendid assortment and comfort of these apartments will allow<br \/>you to relax, so that you are ready and rejoiced for welcoming Sarajevo\u2019s spectacular adventures. Loving shopping, restaurants and bars? BBI shopping center in a close proximity to ourapartments offers an impressive collections for you and your loved ones. Acquainting yourself with the traditional soul of Sarajevo, take a walkt hrough Ba\u0161\u010dar\u0161ija, distanced only fiveminutes awayf rom our apartments.<br \/>We give you a fondness to enjoy Sarajevo,in the palm of your hand<\/p>\n<p>[\/et_pb_text][\/et_pb_column][\/et_pb_row][\/et_pb_section]<\/p>\n","protected":false},"excerpt":{"rendered":"<p>[et_pb_section fb_built=&#8221;1&#8243; module_class=&#8221;Heder&#8221; _builder_version=&#8221;4.9.2&#8243; _module_preset=&#8221;default&#8221; background_color=&#8221;#144065&#8243; custom_margin=&#8221;||||false|false&#8221; custom_padding=&#8221;10px||10px||false|false&#8221; saved_tabs=&#8221;all&#8221; locked=&#8221;off&#8221;][et_pb_row column_structure=&#8221;1_5,1_5,1_5,1_5,1_5&#8243; use_custom_gutter=&#8221;on&#8221; module_class=&#8221;Heder&#8221; _builder_version=&#8221;4.9.2&#8243; _module_preset=&#8221;default&#8221; width=&#8221;90%&#8221; max_width=&#8221;100%&#8221; custom_margin=&#8221;||||false|false&#8221; custom_padding=&#8221;0px||0px||false|false&#8221; custom_css_main_element=&#8221;display: flex;&#8221;][et_pb_column type=&#8221;1_5&#8243; _builder_version=&#8221;4.9.2&#8243; _module_preset=&#8221;default&#8221;][et_pb_image src=&#8221;http:\/\/azzurrosarajevo.ba\/wp-content\/uploads\/2021\/04\/Azzurro-1.png&#8221; title_text=&#8221;Azzurro (1)&#8221; _builder_version=&#8221;4.9.2&#8243; _module_preset=&#8221;default&#8221; module_alignment=&#8221;center&#8221; custom_margin=&#8221;||||false|false&#8221; custom_padding=&#8221;15px|0px|0px||false|false&#8221;][\/et_pb_image][\/et_pb_column][et_pb_column type=&#8221;1_5&#8243; _builder_version=&#8221;4.9.2&#8243; _module_preset=&#8221;default&#8221;][et_pb_image src=&#8221;http:\/\/azzurrosarajevo.ba\/wp-content\/uploads\/2021\/04\/Azzurro-Wave-Logo-e1618847414997.png&#8221; title_text=&#8221;Azzurro Wave Logo&#8221; _builder_version=&#8221;4.9.2&#8243; _module_preset=&#8221;default&#8221; custom_padding=&#8221;53px||||false|false&#8221;][\/et_pb_image][\/et_pb_column][et_pb_column type=&#8221;1_5&#8243; _builder_version=&#8221;4.9.2&#8243; _module_preset=&#8221;default&#8221;][et_pb_image src=&#8221;http:\/\/azzurrosarajevo.ba\/wp-content\/uploads\/2021\/04\/Azzurro-2.png&#8221; title_text=&#8221;Azzurro (2)&#8221; _builder_version=&#8221;4.9.2&#8243; _module_preset=&#8221;default&#8221; custom_padding=&#8221;43px||||false|false&#8221;][\/et_pb_image][\/et_pb_column][et_pb_column type=&#8221;1_5&#8243; _builder_version=&#8221;4.9.2&#8243; _module_preset=&#8221;default&#8221;][et_pb_image src=&#8221;http:\/\/azzurrosarajevo.ba\/wp-content\/uploads\/2021\/04\/Azzurro-Wave-Logo-e1618847414997.png&#8221; [&hellip;]<\/p>\n","protected":false},"author":1,"featured_media":0,"parent":0,"menu_order":0,"comment_status":"closed","ping_status":"closed","template":"","meta":{"_et_pb_use_builder":"on","_et_pb_old_content":"<!-- wp:divi\/placeholder \/-->","_et_gb_content_width":"","footnotes":""},"class_list":["post-66","page","type-page","status-publish","hentry"],"_links":{"self":[{"href":"https:\/\/azzurrosarajevo.ba\/index.php?rest_route=\/wp\/v2\/pages\/66","targetHints":{"allow":["GET"]}}],"collection":[{"href":"https:\/\/azzurrosarajevo.ba\/index.php?rest_route=\/wp\/v2\/pages"}],"about":[{"href":"https:\/\/azzurrosarajevo.ba\/index.php?rest_route=\/wp\/v2\/types\/page"}],"author":[{"embeddable":true,"href":"https:\/\/azzurrosarajevo.ba\/index.php?rest_route=\/wp\/v2\/users\/1"}],"replies":[{"embeddable":true,"href":"https:\/\/azzurrosarajevo.ba\/index.php?rest_route=%2Fwp%2Fv2%2Fcomments&post=66"}],"version-history":[{"count":22,"href":"https:\/\/azzurrosarajevo.ba\/index.php?rest_route=\/wp\/v2\/pages\/66\/revisions"}],"predecessor-version":[{"id":587,"href":"https:\/\/azzurrosarajevo.ba\/index.php?rest_route=\/wp\/v2\/pages\/66\/revisions\/587"}],"wp:attachment":[{"href":"https:\/\/azzurrosarajevo.ba\/index.php?rest_route=%2Fwp%2Fv2%2Fmedia&parent=66"}],"curies":[{"name":"wp","href":"https:\/\/api.w.org\/{rel}","templated":true}]}}